 what is -521 + 9b?
-475
In base 11, what is 5 - 32a63?
-32a59
In base 5, what is -232112 - -32?
-232030
In base 9, what is 8 - 50364?
-50355
In base 8, what is -250250 - 10?
-250260
In base 12, what is 767a + -4?
7676
In base 8, what is -3 + 14461?
14456
In base 3, what is -1020121 - 2100?
-1022221
In base 3, what is -100 - 2020121122?
-2020121222
In base 13, what is -6 + -407c?
-4085
In base 16, what is 1c953 + -2?
1c951
In base 5, what is -13440300 + 2?
-13440243
In base 12, what is -694b + 4?
-6947
In base 6, what is 143 - -1031?
1214
In base 13, what is -880b0 + 4?
-880a9
In base 8, what is 15504 + 353?
16057
In base 13, what is 5 + -1675?
-1670
In base 10, what is 2 - -2210?
2212
In base 2, what is 11100111101010001 + 111?
11100111101011000
In base 4, what is -20 + 3030210?
3030130
In base 2, what is -1110000001010110 - 111000?
-1110000010001110
In base 11, what is 5273 + 14?
5287
In base 3, what is 10 - -220112222210?
220112222220
In base 3, what is 2000112 + 110?
2000222
In base 14, what is 50a + 4?
510
In base 9, what is 6 - 25734?
-25727
In base 14, what is 48c + -296?
1d6
In base 11, what is -18a2 + 15?
-1888
In base 5, what is -2342024 - 1?
-2342030
In base 16, what is 14e + c?
15a
In base 5, what is -1232130144 - 3?
-1232130202
In base 13, what is -3273 + -c?
-3282
In base 16, what is d923 - d?
d916
In base 6, what is 220352233 + 3?
220352240
In base 10, what is 52875 - -3?
52878
In base 11, what is 69 + -2364?
-22a6
In base 4, what is -1001 - 1130003?
-1131010
In base 14, what is -a09 - 35?
-a40
In base 3, what is 12 + 12121110010?
12121110022
In base 12, what is -50 - 1332?
-1382
In base 5, what is -12 + 11101010?
11100443
In base 12, what is -1 + 2a55?
2a54
In base 13, what is -97 + 124c?
1185
In base 3, what is -210102220222 + -10?
-210102221002
In base 13, what is -18 + -34437?
-34452
In base 13, what is b95 + 35?
bca
In base 16, what is -592d - -79?
-58b4
In base 16, what is 4244 + 0?
4244
In base 6, what is 5225 + 223?
5452
In base 14, what is 1c763 + 3?
1c766
In base 14, what is 40b3c - 5?
40b37
In base 16, what is -4b0c - 12?
-4b1e
In base 13, what is -1ca - 7b24?
-8021
In base 9, what is 418 + 12?
431
In base 5, what is -11 + -31110122?
-31110133
In base 11, what is -1123 - -5?
-1119
In base 5, what is -4440404 - -2?
-4440402
In base 14, what is -6b - bc3?
-c50
In base 5, what is 1 + 40101?
40102
In base 10, what is 3 + -472796?
-472793
In base 5, what is 143344 + -4?
143340
In base 8, what is 6 + 602600?
602606
In base 11, what is 6158 + 5a?
6207
In base 9, what is -837840 + -1?
-837841
In base 14, what is 7a18 + 3?
7a1b
In base 15, what is -1 + -732c?
-732d
In base 11, what is -1734 + -1445?
-3079
In base 3, what is -10102121 - 2011?
-10111202
In base 12, what is 1704 - 3?
1701
In base 5, what is 13 - 13300?
-13232
In base 10, what is 190392 + -5?
190387
In base 7, what is 613 + 655?
1601
In base 8, what is -12 - -413302?
413270
In base 10, what is -3 - -7386?
7383
In base 12, what is 49 + -17184?
-17137
In base 6, what is -2 - 55540?
-55542
In base 6, what is -34 - 44413?
-44451
In base 3, what is 11 + 110112112021?
110112112102
In base 16, what is -1135d - -1?
-1135c
In base 16, what is -f0 + -247?
-337
In base 13, what is 21b60 - 8?
21b55
In base 14, what is 1344 - -a8?
140c
In base 4, what is 2 + 23312?
23320
In base 11, what is -15 - 34677?
-34691
In base 14, what is 1c90c + -13?
1c8d9
In base 7, what is 3 - -25240?
25243
In base 11, what is -4124 + -138?
-4261
In base 13, what is -3 - 26c76?
-26c79
In base 14, what is -56db + -2?
-56dd
In base 12, what is -9963 + 0?
-9963
In base 11, what is 128049 + -12?
128037
In base 5, what is 20 + -132042100?
-132042030
In base 16, what is 1d1b4 + -3?
1d1b1
In base 4, what is 202023 - 1202?
200221
In base 7, what is -222612 + 4?
-222605
In base 11, what is 4 + -34305?
-34301
In base 14, what is 4 + 19d9a?
19da0
In base 9, what is 3 + 1284503?
1284506
In base 3, what is 0 - 212111220?
-212111220
In base 11, what is 838 + 892?
161a
In base 8, what is -16733 - 14?
-16747
In base 2, what is -11 - 1000110001011000?
-1000110001011011
In base 6, what is 3 - 322455?
-322452
In base 11, what is 4 + -144480?
-144477
In base 11, what is 1553 + 21?
1574
In base 16, what is -812 - 6c?
-87e
In base 4, what is -21 + -112221031?
-112221112
In base 7, what is -3223533 + -4?
-3223540
In base 4, what is -30310330 + -13?
-30311003
In base 6, what is -2253545 - 3?
-2253552
In base 3, what is 112011211012 + 1?
112011211020
In base 13, what is -13216 + 3?
-13213
In base 3, what is 2120 + -220201222?
-220122102
In base 4, what is 10 - -2111223?
2111233
In base 7, what is 1331 + -33056?
-31425
In base 8, what is 213 + 571?
1004
In base 3, what is -1 + -110112012101?
-110112012102
In base 4, what is 0 - 201120?
-201120
In base 3, what is -100 - -221120101?
221120001
In base 2, what is -110100100000001000 + 111?
-110100100000000001
In base 13, what is 53 - 19222?
-1919c
In base 7, what is -1242060 + 0?
-1242060
In base 6, what is -1 - -10333150?
10333145
In base 11, what is 33 - 2854?
-2821
In base 16, what is 165a - -2?
165c
In base 4, what is 22222222 + 2?
22222230
In base 14, what is 19 - 463?
-448
In base 15, what is 19 - -32c0e?
32c28
In base 12, what is 2 - -2487a4?
2487a6
In base 2, what is -1000111111000 + -10100001?
-1001010011001
In base 4, what is -2 + 13110301?
13110233
In base 15, what is -6 + -5b782?
-5b788
In base 5, what is -10 + -2322402?
-2322412
In base 7, what is 65234 + 16?
65253
In base 4, what is -1013002323 - 11?
-1013003000
In base 16, what is -271 + -8?
-279
In base 14, what is 37d - 572?
-1d3
In base 7, what is -60564 - 1?
-60565
In base 10, what is -38 + -4536?
-4574
In base 2, what is 100010 - 1000010010010110?
-1000010001110100
In base 6, what is -15 - 55111?
-55130
In base 5, what is 21 + -243230?
-243204
In base 5, what is 21 - -34223?
34244
In base 6, what is 425 - 120?
305
In base 10, what is 4 + 4082?
4086
In base 11, what is -3 - -341685?
341682
In base 15, what is 21 + 2e3e?
2e60
In base 9, what is 5 + 28218?
28224
In base 11, what is -568 - -51?
-517
In base 11, what is -107 - 1085?
-1191
In base 15, what is c286 - 22?
c264
In base 4, what is -120 + -3102120?
-3102300
In base 5, what is -10 - -302000?
301440
In base 2, what is -1000110000010110 - 101?
-1000110000011011
In base 10, what is -49705 - -5?
-49700
In base 4, what is 2323 + 2232001?
2300330
In base 16, what is -1 - 7cf1?
-7cf2
In base 2, what is 101101110000001 - -11?
101101110000100
In base 4, what is -311321200 - 21?
-311321221
In base 10, what is 75 - 209?
-134
In base 14, what is 4b6 + -19?
49b
In base 16, what is -1a0f + 2?
-1a0d
In base 5, what is -1412 - -13443?
12031
In base 8, what is -17544777 - 5?
-17545004
In base 11, what is -67473 + 1?
-67472
In base 16, what is 3 + -251a?
-2517
In base 7, what is -600636 - 1?
-600640
In base 7, what is 0 + 55553?
55553
In base 13, what is -1 - 26aa8?
-26aa9
In base 11, what is -549a4 + -4?
-549a8
In base 4, what is -300 - 200310?
-201210
In base 4, what is -312110113 - -11?
-312110102
In base 5, what is 104414 + -2?
104412
In base 3, what is 2210 - 110002200?
-102222220
In base 14, what is 2b - 1721b?
-171d0
In base 3, what is -2 + 201221002210?
201221002201
In base 7, what is -65 - -2461?
2363
In base 4, what is -1 + -1203212102?
-1203212103
In base 9, what is 342 - 56?
275
In base 13, what is -2 + -60ac5?
-60ac7
In base 8, what is 1423 + -154?
1247
In base 9, what is 1310 + -43?
1256
In base 8, what is 4700 - 531?
4147
In base 4, what is -30233 + -31?
-30330
In base 2, what is -1 + 1000110000001?
1000110000000
In base 8, what is 223 + -253?
-30
In base 3, what is -1120211202102 + 1?
-1120211202101
In base 3, what is 201021001 + 2?
201021010
In base 12, what is 10a619 + 4?
10a621
In base 7, what is 16664320 - 1?
16664316
In base 7, what is -16 + 423014?
422665
In base 7, what is 44031 + 5?
44036
In base 14, what is -13a27 - 4?
-13a2b
In base 11, what is 3 + -15678?
-15675
In base 9, what is 5 - 12536?
-12531
In base 8, what is 4 + -4154121?
-4154115
In base 6, what is -20021 - -43?
-15534
In base 9, what is -584 - 2814?
-3508
In base 10, what is -2 - 20982?
-20984
In base 7, what is 3323330 + -1?
3323326
In base 3, what is -211210 - 122020?
-1111000
